 - 14. Let t be -3 + (c + -3)/(-2). Suppose -2*o - s + 44 = 0, -6*o + o - 4*s + 116 = t. List the prime factors of o.
2, 5
Let r be -3 + 1*(12 - 4). Suppose r*u + 162 = 527. What are the prime factors of u?
73
Let w = 1 - -56. Let p = 197 - w. List the prime factors of p.
2, 5, 7
Let l(v) = v**3 - 10*v**2 + 6*v - 10. Let o be l(10). Suppose -g - d + o = -9, -3*g + 177 = 5*d. What are the prime factors of g?
59
Let a = -17 + 7. Let r = a - -43. What are the prime factors of r?
3, 11
Let l(m) = m**2 - 4*m - 5. Let g be l(4). Let i = 4 + g. List the prime factors of 96/(-8)*i/2.
2, 3
Suppose 2*y - 2 = 120. What are the prime factors of y?
61
Suppose -43*o = -45*o + 2994. List the prime factors of o.
3, 499
Let g = -47 + 52. Suppose -4*w + 3 - 119 = -2*f, -2*f + 113 = -g*w. What are the prime factors of f?
2
Suppose -4*l = -2784 - 2448. List the prime factors of l.
2, 3, 109
Suppose -6*b = -12 - 6. Suppose b*v + 124 = 5*v. List the prime factors of v.
2, 31
Let i be (-2)/((-1)/2 - -1). Let k be (-7 + 2)*i/10. Suppose -2 = 2*v, 4 + 34 = 2*n + k*v. What are the prime factors of n?
2, 5
Let y(h) = 4*h - 6*h + h**2 + h**2 + h**2 - 7. List the prime factors of y(-3).
2, 13
Suppose -206 = 5*b + 2*z - 9, -3*b = 2*z + 115. Let o = -7 - b. List the prime factors of o.
2, 17
Suppose -10 = -4*o + 2. Suppose -16 = -2*t + t - o*b, -5*t + 48 = -b. List the prime factors of t.
2, 5
Suppose g = -2*x + 335, -422 = -2*g - 2*x + 258. Suppose 7*k - g = 2*k. What are the prime factors of k?
3, 23
Let n = -10 - -22. What are the prime factors of 441/n - ((-3)/4)/3?
37
List the prime factors of 2622 - 4 - (18 - 15).
5, 523
Suppose 19 = 4*w - 301. List the prime factors of w.
2, 5
Suppose -61*t - 609 = -58*t. Let n = 319 + t. List the prime factors of n.
2, 29
List the prime factors of 3/(-12) - 4/16*-2037.
509
Let u be 1 + 1 - 24/4. Let j(y) be the second derivative of y**4/12 - y**3/6 + y**2 - y. What are the prime factors of j(u)?
2, 11
Suppose 0 = -4*d - 7*c + 5*c + 128, 0 = -2*d + 4*c + 64. Let z be (-1 - -6)*(0 + 1). Suppose 0 = r - d + z. List the prime factors of r.
3
Suppose 0*v - v = 2. Let r be v/(-1*(-1)/(-2)). Suppose r*t - 93 = -5*n + 5, 4*t = -4*n + 76. What are the prime factors of n?
2, 11
Let o = 20 - 13. Suppose o*h + 209 = 8*h. What are the prime factors of h?
11, 19
Let y(x) = -x**3 + 27*x**2 - 56*x - 33. List the prime factors of y(17).
3, 5, 127
Let b(n) = -2*n. Let k be b(-2). Suppose -x + s + 2 = 0, 5 + 3 = k*x - 3*s. Suppose 15 = 3*h, -3*j - x*h - 38 = -4*j. What are the prime factors of j?
2, 3
Let z(l) = -l**3 - l**2 + 3*l - 11. Suppose -3*r + 3 = -n - 11, -2*n + 5*r = 25. What are the prime factors of z(n)?
2, 37
Suppose -5*g + k = -21, 0*k + 2*k + 7 = 3*g. Suppose 0 = -g*h + 6*h - 74. List the prime factors of h.
2, 37
Suppose 4*l + 8*l = -84. Let r(y) = -4*y - 26. List the prime factors of r(l).
2
Suppose -1882 = -5*z + q, 4*z - 27*q = -22*q + 1493. What are the prime factors of z?
13, 29
Let t be (0 + 1 + -2)/(2/6). List the prime factors of ((-849)/(2 + -5) - t)/2.
11, 13
Suppose j + 5 - 21 = 0. What are the prime factors of 31*3 + (j - 20)?
89
Let d = -70 - -211. What are the prime factors of d?
3, 47
Let x(z) = 607*z + 1. What are the prime factors of x(2)?
3, 5
Suppose -2*w + 273 = 3*j - 6*w, 0 = 3*j + 2*w - 291. List the prime factors of j.
5, 19
Suppose -5*t = -10, -3*h - 110 = -t - 45. Let z(l) = -4*l + 81. List the prime factors of z(h).
3, 5, 11
Suppose 294 = 4*m - 2*i, 2*m = -5*i + i + 162. Let v = m + -22. List the prime factors of v.
53
Let i(h) = 15*h**2 + 1. Let m be -5*6*4/(-20). Let s be ((-2)/m)/((-1)/(-3)). What are the prime factors of i(s)?
2
Suppose 114086 = 93*y - 35*y. What are the prime factors of y?
7, 281
Let r be (-2 - (3 + -19))/2. Let v(g) = -g + 5. Let w be v(r). List the prime factors of (46/4)/(w/(-4)).
23
Let q(k) = 4 - 4 - 7 + 13*k**2 - 5*k - 6. What are the prime factors of q(-4)?
5, 43
Let o(r) = 19*r**2 - 24*r + 15. What are the prime factors of o(10)?
5, 67
Let m be -3 + 2 + (3 - -2). Let k be (-3 - (-8)/m) + 1. Suppose -8*q + 3*q + 125 = k. What are the prime factors of q?
5
Let k(m) = 3*m - 5 + 1 + 1 + 4*m. Suppose 0*t + 6 = 3*t. List the prime factors of k(t).
11
Suppose -5*u = 4*v - v + 40, -4*v + 5*u = 65. Let w(f) = -3*f - 3. What are the prime factors of w(v)?
2, 3, 7
Let f = -364 + 954. List the prime factors of f.
2, 5, 59
Suppose 4*s = 4*c + 1936, -488 = -s - c + 3*c. Suppose 4*u + 4*d - s = 0, -3 = -3*d - 0*d. What are the prime factors of u?
7, 17
Suppose 669 = 6*p - 459. What are the prime factors of p?
2, 47
Let j(m) = 2*m**2 - 79*m + 177. List the prime factors of j(65).
2, 3, 97
Let j(q) = -q + 3. Let p be j(-7). Suppose p = t - 0. List the prime factors of (-5)/t + 13/2.
2, 3
Suppose -3*l + 4 = 1, -4*n + 5*l = 13. What are the prime factors of (424/12)/((6/(-9))/n)?
2, 53
Suppose -2*c + 50 = -0*c. Suppose -30 - 234 = -11*d. Suppose c*n = d*n + 57. What are the prime factors of n?
3, 19
Let z = -165 + 105. Suppose 2*i - 256 + 53 = -n, 0 = -3*i + n + 317. Let r = i + z. What are the prime factors of r?
2, 11
Let i = -14 - -304. What are the prime factors of i?
2, 5, 29
Suppose -3*z = -6*z, 3*t - 66 = 5*z. Suppose 0 = 5*r - 78 - t. Suppose 2*p + r = 6*p. List the prime factors of p.
5
Let s = 40 + -36. Suppose m - s*m - w + 430 = 0, -4*w = 20. What are the prime factors of m?
5, 29
Let m(k) be the second derivative of -7*k**3/2 - 3*k**2/2 - 4*k. Let s be m(-2). List the prime factors of 1 + -1 + -4 + s.
5, 7
What are the prime factors of 1/((-4)/(-1422)) + (-150)/(-100)?
3, 7, 17
Let h(v) = -4*v - 3. Let j(d) = -d + 9. Let k be j(11). Let n be h(k). Suppose 44 = n*o - 16. List the prime factors of o.
2, 3
Suppose 5*v - 5*b - 280 = 0, 2*b + 3*b = -5*v + 320. What are the prime factors of v?
2, 3, 5
Suppose -3*c + 215 = -172. Let r = c + -66. List the prime factors of r.
3, 7
Let f be (-216)/(-16)*28/3. Suppose 0*j + 127 = 3*j + 5*r, -4*j = -2*r - f. Let y = j - 15. What are the prime factors of y?
19
Let y(m) = -3*m - 15. Let p(v) = -v**3 - 6*v**2 + 2*v - 2. Suppose 4 + 39 = -3*o + 5*h, -2*o + h = 17. Let x be p(o). What are the prime factors of y(x)?
3
Suppose 38*p = 41*p + b + 5, p - 2*b = 3. Let u(a) = -2*a + 3*a - 4*a. What are the prime factors of u(p)?
3
What are the prime factors of ((-3416)/(-6))/(-3*(-28)/126)?
2, 7, 61
Let h = 121 - 120. Let x(f) = 96*f + 6. What are the prime factors of x(h)?
2, 3, 17
Let v be (-1 - (-2 + 2))/(13/(-4927)). Suppose 5*c = -v + 1279. What are the prime factors of c?
2, 3, 5
Suppose -8*b = 46*b - 68850. What are the prime factors of b?
3, 5, 17
Let z(h) = 48*h**2 + 39*h - 11. What are the prime factors of z(-4)?
601
Suppose -2*a - w + 541 = 2*w, -1340 = -5*a + 5*w. List the prime factors of a.
269
Suppose 7*a - 10*a = 0. Suppose a*r = 3*r - 228. What are the prime factors of r?
2, 19
Let q = 214 + -121. Let o = -28 + q. What are the prime factors of o?
5, 13
Let g(z) = 5 - 3*z**3 + 5*z + 6*z**3 - 6*z**2 - 2*z**3. Let w be g(6). Let q = w - 15. What are the prime factors of q?
2, 5
List the prime factors of 2 - ((-5)/15 + 7225/(-15)).
2, 11
Suppose 0 = 4*f + 9 - 29. Let n(y) = -y**2 + 12*y - 3. Let w be n(f). Let i = -9 + w. List the prime factors of i.
23
Let p be 76/(-95) - (-8)/10. Suppose 4*w = -4*v + w + 108, p = -5*v - 5*w + 135. What are the prime factors of v?
3
Suppose -2*i = i - 6. Let m = 3 + i. Suppose -3*u = -m*f - 104 - 134, 122 = 2*u + 4*f. List the prime factors of u.
71
Let d = -1282 + 2231. List the prime factors of d.
13, 73
Let p(y) = y**3 + 5*y**2 - 19*y - 3. Let b be p(-8). Let s = -26 - b. List the prime factors of s.
17
Let k be (4/6)/((-4)/(-6)). Suppose -2*m + k = 3. What are the prime factors of -2 - 0 - m*7?
5
Let r(m) = 109*m - 24. Let l = 70 + -68. What are the prime factors of r(l)?
2, 97
Suppose 0 = 12*a - 1723 + 463. What are the prime factors of a?
3, 5, 7
Let g(u) be the second derivative of u**5/20 - 11*u**4/6 - 8*u**3/3 - 3*u**2 - 30*u. What are the prime factors of g(23)?
5, 31
Let y(w) = 29*w**3 - 2*w**2 + 1. Let i be y(1). List the prime factors of (-736)/(-6) + 15/(315/i).
2, 31
List the prime factors of (2 + 3 - -2)*(106 - -1).
7, 107
Let k be ((-58)/(-4))/((-1)/(-4)). Suppose -4*j + k = 5*w, j - 21 = 5*